{"id":420,"date":"2024-06-12T14:57:53","date_gmt":"2024-06-12T12:57:53","guid":{"rendered":"https:\/\/www.sakuramoves.pl\/?page_id=420"},"modified":"2026-01-06T17:32:42","modified_gmt":"2026-01-06T16:32:42","slug":"cennik","status":"publish","type":"page","link":"https:\/\/www.sakuramoves.com\/?page_id=420","title":{"rendered":"Cennik"},"content":{"rendered":"\n<div class=\"wp-block-columns alignwide has-kenta-base-background-color has-background is-layout-flex wp-container-core-columns-is-layout-28f84493 wp-block-columns-is-layout-flex\">\n<div class=\"wp-block-column is-layout-flow wp-block-column-is-layout-flow\" style=\"flex-basis:33.33%\">\n<div class=\"wp-block-columns is-layout-flex wp-container-core-columns-is-layout-28f84493 wp-block-columns-is-layout-flex\">\n<div class=\"wp-block-column is-layout-flow wp-block-column-is-layout-flow\" style=\"flex-basis:100%\">\n<div class=\"wp-block-group is-nowrap is-layout-flex wp-container-core-group-is-layout-6c531013 wp-block-group-is-layout-flex\">\n<div class=\"wp-block-group is-nowrap is-layout-flex wp-container-core-group-is-layout-6c531013 wp-block-group-is-layout-flex\">\n<figure class=\"wp-block-image size-full\"><img loading=\"lazy\" decoding=\"async\" width=\"789\" height=\"986\" src=\"http:\/\/www.sakuramoves.com\/wp-content\/uploads\/2024\/01\/photo_2024-01-11_15-52-16-1.jpg\" alt=\"\" class=\"wp-image-393\"\/><\/figure>\n<\/div>\n<\/div>\n<\/div>\n<\/div>\n<\/div>\n\n\n\n<div class=\"wp-block-column has-kenta-base-background-color has-background is-layout-flow wp-block-column-is-layout-flow\" style=\"flex-basis:66.66%\">\n<p><strong>Trening grupowy: <\/strong><\/p>\n\n\n\n<ul class=\"wp-block-list\">\n<li>Pr\u00f3bne zaj\u0119cia &#8211; 70 z\u0142.<\/li>\n<\/ul>\n\n\n\n<ul class=\"wp-block-list\">\n<li>Jedna lekcja &#8211; 45 z\u0142.<\/li>\n<\/ul>\n\n\n\n<ul class=\"wp-block-list\">\n<li>4 zaj\u0119cia w miesi\u0105cu &#8211; 150 z\u0142.<\/li>\n<\/ul>\n\n\n\n<ul class=\"wp-block-list\">\n<li>8 zaj\u0119\u0107 w miesi\u0105cu &#8211; 250 z\u0142.<\/li>\n<\/ul>\n\n\n\n<ul class=\"wp-block-list\">\n<li>12 zaj\u0119\u0107 w miesi\u0105c &#8211; 450 z\u0142.<\/li>\n<\/ul>\n\n\n\n<p><strong>Indywidualne zaj\u0119cia<\/strong> &#8211; 100 z\u0142.\/godz.<\/p>\n\n\n\n<p><strong>Pierwszy taniec<\/strong> &#8211; 150 z\u0142.\/para (60 min.)<\/p>\n\n\n\n<p>Karnet 4, 8, 12 zaj\u0119\u0107 s\u0105 wa\u017cne przez miesi\u0105c licz\u0105c od dnia zakupu.<\/p>\n<\/div>\n<\/div>\n","protected":false},"excerpt":{"rendered":"<p>Trening grupowy: Indywidualne zaj\u0119cia &#8211; 100 z\u0142.\/godz. Pierwszy taniec &#8211; 150 z\u0142.\/para (60 min.) Karnet 4, 8, 12 zaj\u0119\u0107 s\u0105 wa\u017cne przez miesi\u0105c licz\u0105c od dnia zakupu.<\/p>\n","protected":false},"author":1,"featured_media":0,"parent":0,"menu_order":0,"comment_status":"closed","ping_status":"closed","template":"","meta":{"site-container-style":"default","site-container-layout":"default","site-sidebar-layout":"default","site-transparent-header":"default","prose-style":"enable","disable-article-header":"default","disable-site-header":"default","disable-site-footer":"default","disable-content-area-spacing":"default","footnotes":"[]"},"class_list":["post-420","page","type-page","status-publish","hentry"],"_links":{"self":[{"href":"https:\/\/www.sakuramoves.com\/index.php?rest_route=\/wp\/v2\/pages\/420","targetHints":{"allow":["GET"]}}],"collection":[{"href":"https:\/\/www.sakuramoves.com\/index.php?rest_route=\/wp\/v2\/pages"}],"about":[{"href":"https:\/\/www.sakuramoves.com\/index.php?rest_route=\/wp\/v2\/types\/page"}],"author":[{"embeddable":true,"href":"https:\/\/www.sakuramoves.com\/index.php?rest_route=\/wp\/v2\/users\/1"}],"replies":[{"embeddable":true,"href":"https:\/\/www.sakuramoves.com\/index.php?rest_route=%2Fwp%2Fv2%2Fcomments&post=420"}],"version-history":[{"count":14,"href":"https:\/\/www.sakuramoves.com\/index.php?rest_route=\/wp\/v2\/pages\/420\/revisions"}],"predecessor-version":[{"id":614,"href":"https:\/\/www.sakuramoves.com\/index.php?rest_route=\/wp\/v2\/pages\/420\/revisions\/614"}],"wp:attachment":[{"href":"https:\/\/www.sakuramoves.com\/index.php?rest_route=%2Fwp%2Fv2%2Fmedia&parent=420"}],"curies":[{"name":"wp","href":"https:\/\/api.w.org\/{rel}","templated":true}]}}