{"id":455,"date":"2024-06-13T13:48:52","date_gmt":"2024-06-13T11:48:52","guid":{"rendered":"https:\/\/www.sakuramoves.pl\/?page_id=455"},"modified":"2024-06-13T14:59:24","modified_gmt":"2024-06-13T12:59:24","slug":"masaz-oraz-stanie-na-gwozdziach-satchu","status":"publish","type":"page","link":"https:\/\/www.sakuramoves.com\/?page_id=455","title":{"rendered":"Masa\u017c oraz Stanie na gwo\u017adziach (Satchu)"},"content":{"rendered":"\n<div class=\"wp-block-columns are-vertically-aligned-top is-layout-flex wp-container-core-columns-is-layout-28f84493 wp-block-columns-is-layout-flex\">\n<div class=\"wp-block-column is-vertically-aligned-top is-layout-flow wp-block-column-is-layout-flow\" style=\"flex-basis:100%\">\n<div class=\"wp-block-kenta-blocks-cover alignfull kb-cover-9f6b4c0c kb-cover\"><div class=\"kb-cover-inner-container\">\n<p>Dla umawiania na masa\u017c oraz na gwo\u017adzie pod numerem +48 733 427 984 ( Anna) lub na poczt\u0119 aresanna0205@gmail.com<\/p>\n\n\n\n<div class=\"wp-block-group alignfull has-kenta-base-background-color has-background is-vertical is-layout-flex wp-container-core-group-is-layout-fe9cc265 wp-block-group-is-layout-flex\">\n<div class=\"wp-block-group is-vertical is-content-justification-left is-layout-flex wp-container-core-group-is-layout-dd225191 wp-block-group-is-layout-flex\">\n<div class=\"wp-block-group is-vertical is-layout-flex wp-container-core-group-is-layout-fe9cc265 wp-block-group-is-layout-flex\">\n<div class=\"wp-block-group is-layout-constrained wp-block-group-is-layout-constrained\">\n<div class=\"wp-block-kenta-blocks-heading kb-heading kb-heading-h1 kb-heading-1de82ea5\"><h1 class=\"\"><br>Prace list Masa\u017cu <\/h1><\/div>\n\n\n\n<div class=\"wp-block-kenta-blocks-paragraph kb-paragraph kb-paragraph-d3ef998f\"><p class=\"\"><strong>Twoje cia\u0142o zas\u0142uguje na najlepsze!<\/strong>&nbsp;Pozw\u00f3l profesjonalnemu masa\u017cystowi uwolni\u0107 Ci\u0119 od napi\u0119cia i stresu.<br>\ud83c\udf38&nbsp;<strong>Poczuj magi\u0119 dotyku<\/strong>&nbsp;\u2013 odnowa cia\u0142a, umys\u0142u i duszy czeka na Ciebie.<\/p><\/div>\n<\/div>\n<\/div>\n<\/div>\n<\/div>\n<\/div><\/div>\n<\/div>\n<\/div>\n\n\n\n<div class=\"wp-block-group is-layout-constrained wp-block-group-is-layout-constrained\">\n<div class=\"wp-block-kenta-blocks-section kb-section-9af6b5a2 kb-section\">\n<div class=\"wp-block-kenta-blocks-column kb-column-wrapper kb-column-wrapper-0fe4f1e0\"><div class=\"kb-column kb-column-0fe4f1e0\"><div class=\"kb-column-content\">\n<figure class=\"wp-block-kenta-blocks-image kb-image kb-image-0216d066\"><img decoding=\"async\" src=\"http:\/\/www.sakuramoves.com\/wp-content\/uploads\/2024\/06\/photo_2024-06-13-13.23.27.jpeg\" alt=\"\"\/><\/figure>\n\n\n\n<div class=\"wp-block-kenta-blocks-group kb-group-4a3f97b4 kb-group\"><div class=\"kb-group-inner-container\">\n<div class=\"wp-block-group is-layout-constrained wp-block-group-is-layout-constrained\">\n<div class=\"wp-block-kenta-blocks-paragraph kb-paragraph kb-paragraph-604db4c9\"><p class=\"\"><strong>Masa\u017c klasyczny:<\/strong><br>Ca\u0142ego cia\u0142a &#8211; 150 z\u0142.<br>Kr\u0119gos\u0142upa i grzbietu &#8211; 80 z\u0142.<br>Ko\u0144czy dolnych &#8211; 80 z\u0142<\/p><\/div>\n<\/div>\n<\/div><\/div>\n<\/div><\/div><\/div>\n\n\n\n<div class=\"wp-block-kenta-blocks-column kb-column-wrapper kb-column-wrapper-8ad40654\"><div class=\"kb-column kb-column-8ad40654\"><div class=\"kb-column-content\">\n<figure class=\"wp-block-kenta-blocks-image kb-image kb-image-70eaf31f\"><img decoding=\"async\" src=\"http:\/\/www.sakuramoves.com\/wp-content\/uploads\/2024\/06\/photo_2024-06-13-13.23.36.jpeg\" alt=\"\"\/><\/figure>\n\n\n\n<div class=\"wp-block-kenta-blocks-group kb-group-9be0cd6b kb-group\"><div class=\"kb-group-inner-container\">\n<div class=\"wp-block-kenta-blocks-paragraph kb-paragraph kb-paragraph-21cab9fa\"><p class=\"\"><strong>Masa\u017c Relaksacyjny:<\/strong><br>Ca\u0142ego cia\u0142a &#8211; 120 z\u0142.<br>Kr\u0119gos\u0142upa i grzbietu &#8211; 80 z\u0142.<br>Ko\u0144czy dolnych &#8211; 80 z\u0142<\/p><\/div>\n<\/div><\/div>\n<\/div><\/div><\/div>\n\n\n\n<div class=\"wp-block-kenta-blocks-column kb-column-wrapper kb-column-wrapper-c11b7ae5\"><div class=\"kb-column kb-column-c11b7ae5\"><div class=\"kb-column-content\">\n<figure class=\"wp-block-kenta-blocks-image kb-image kb-image-1afffcb1\"><img decoding=\"async\" src=\"http:\/\/www.sakuramoves.com\/wp-content\/uploads\/2024\/06\/photo_2024-06-13-13.23.43.jpeg\" alt=\"\"\/><\/figure>\n\n\n\n<div class=\"wp-block-kenta-blocks-group kb-group-63a2ee48 kb-group\"><div class=\"kb-group-inner-container\">\n<div class=\"wp-block-kenta-blocks-paragraph kb-paragraph kb-paragraph-1233244b\"><p class=\"\"><strong>Masa\u017c ciep\u0142ym olejem p\u0142yn\u0105cym ze \u015bwiecy:<\/strong><em><strong><br><\/strong><\/em>Ca\u0142ego cia\u0142a &#8211; 180 z\u0142.<br>Plecy &#8211; 100 z\u0142.<\/p><\/div>\n<\/div><\/div>\n<\/div><\/div><\/div>\n\n\n\n<div class=\"wp-block-kenta-blocks-column kb-column-wrapper kb-column-wrapper-12f68f58\"><div class=\"kb-column kb-column-12f68f58\"><div class=\"kb-column-content\">\n<figure class=\"wp-block-kenta-blocks-image kb-image kb-image-4d45878d\"><img decoding=\"async\" src=\"http:\/\/www.sakuramoves.com\/wp-content\/uploads\/2024\/06\/photo_2024-06-13-13.23.38.jpeg\" alt=\"\"\/><\/figure>\n\n\n\n<div class=\"wp-block-kenta-blocks-group kb-group-136f3757 kb-group\"><div class=\"kb-group-inner-container\">\n<div class=\"wp-block-kenta-blocks-paragraph kb-paragraph kb-paragraph-81324e71\"><p class=\"\"><strong>Masa\u017c Ba\u0144k\u0105 chi\u0144sk\u0105<\/strong>:<br>Masa\u017c &#8211; 100 z\u0142.<\/p><\/div>\n<\/div><\/div>\n<\/div><\/div><\/div>\n<\/div>\n<\/div>\n\n\n\n<figure class=\"wp-block-pullquote alignwide has-border-color has-kenta-base-border-color has-kenta-base-background-color has-background has-kenta-font-xxsmall-font-size\"><blockquote><p><strong><em>Jest mo\u017cliwo\u015b\u0107 wykupienia Bona Podarunkowego<\/em><\/strong><\/p><cite><img loading=\"lazy\" decoding=\"async\" width=\"150\" height=\"105\" class=\"wp-image-440\" style=\"width: 150px;\" src=\"http:\/\/www.sakuramoves.com\/wp-content\/uploads\/2024\/06\/photo_2024-06-13-12.22.55.jpeg\" alt=\"\" srcset=\"https:\/\/www.sakuramoves.com\/wp-content\/uploads\/2024\/06\/photo_2024-06-13-12.22.55.jpeg 591w, https:\/\/www.sakuramoves.com\/wp-content\/uploads\/2024\/06\/photo_2024-06-13-12.22.55-300x210.jpeg 300w\" sizes=\"auto, (max-width: 150px) 100vw, 150px\" \/><\/cite><\/blockquote><\/figure>\n\n\n\n<h1 class=\"wp-block-heading has-kenta-base-background-color has-background has-kenta-font-large-font-size\">Stanie na gwo\u017adziach (Satchu)<\/h1>\n\n\n\n<p>\ud83d\udd39&nbsp;<strong>Poznaj moc r\u00f3wnowagi i spokoju!<\/strong>&nbsp;\ud83d\udd39 Stanie na gwo\u017adziach (deska Satchu) to staro\u017cytna praktyka, kt\u00f3ra przynosi nie tylko fizyczne korzy\u015bci, ale tak\u017ce mentalne odpr\u0119\u017cenie. \ud83c\udf1f&nbsp;<strong>Zanurz si\u0119 w wyj\u0105tkowym do\u015bwiadczeniu i odkryj nowy wymiar harmonii!<\/strong>&nbsp;\ud83c\udf3f<\/p>\n\n\n\n<figure class=\"wp-block-image alignwide size-full\"><img loading=\"lazy\" decoding=\"async\" width=\"973\" height=\"405\" src=\"https:\/\/www.sakuramoves.com\/wp-content\/uploads\/2024\/06\/photo_2024-06-13-13.42.30.jpeg\" alt=\"\" class=\"wp-image-460\" srcset=\"https:\/\/www.sakuramoves.com\/wp-content\/uploads\/2024\/06\/photo_2024-06-13-13.42.30.jpeg 973w, https:\/\/www.sakuramoves.com\/wp-content\/uploads\/2024\/06\/photo_2024-06-13-13.42.30-300x125.jpeg 300w, https:\/\/www.sakuramoves.com\/wp-content\/uploads\/2024\/06\/photo_2024-06-13-13.42.30-768x320.jpeg 768w\" sizes=\"auto, (max-width: 973px) 100vw, 973px\" \/><\/figure>\n","protected":false},"excerpt":{"rendered":"<p>Jest mo\u017cliwo\u015b\u0107 wykupienia Bona Podarunkowego Stanie na gwo\u017adziach (Satchu) \ud83d\udd39&nbsp;Poznaj moc r\u00f3wnowagi i spokoju!&nbsp;\ud83d\udd39 Stanie na gwo\u017adziach (deska Satchu) to staro\u017cytna praktyka, kt\u00f3ra przynosi nie tylko fizyczne korzy\u015bci, ale tak\u017ce mentalne odpr\u0119\u017cenie. \ud83c\udf1f&nbsp;Zanurz si\u0119 w wyj\u0105tkowym do\u015bwiadczeniu i odkryj nowy wymiar harmonii!&nbsp;\ud83c\udf3f<\/p>\n","protected":false},"author":1,"featured_media":0,"parent":0,"menu_order":0,"comment_status":"closed","ping_status":"closed","template":"","meta":{"site-container-style":"default","site-container-layout":"default","site-sidebar-layout":"default","site-transparent-header":"default","prose-style":"enable","disable-article-header":"yes","disable-site-header":"default","disable-site-footer":"default","disable-content-area-spacing":"yes","footnotes":""},"class_list":["post-455","page","type-page","status-publish","hentry"],"_links":{"self":[{"href":"https:\/\/www.sakuramoves.com\/index.php?rest_route=\/wp\/v2\/pages\/455","targetHints":{"allow":["GET"]}}],"collection":[{"href":"https:\/\/www.sakuramoves.com\/index.php?rest_route=\/wp\/v2\/pages"}],"about":[{"href":"https:\/\/www.sakuramoves.com\/index.php?rest_route=\/wp\/v2\/types\/page"}],"author":[{"embeddable":true,"href":"https:\/\/www.sakuramoves.com\/index.php?rest_route=\/wp\/v2\/users\/1"}],"replies":[{"embeddable":true,"href":"https:\/\/www.sakuramoves.com\/index.php?rest_route=%2Fwp%2Fv2%2Fcomments&post=455"}],"version-history":[{"count":10,"href":"https:\/\/www.sakuramoves.com\/index.php?rest_route=\/wp\/v2\/pages\/455\/revisions"}],"predecessor-version":[{"id":583,"href":"https:\/\/www.sakuramoves.com\/index.php?rest_route=\/wp\/v2\/pages\/455\/revisions\/583"}],"wp:attachment":[{"href":"https:\/\/www.sakuramoves.com\/index.php?rest_route=%2Fwp%2Fv2%2Fmedia&parent=455"}],"curies":[{"name":"wp","href":"https:\/\/api.w.org\/{rel}","templated":true}]}}